{"id":57,"date":"2013-02-05T14:11:52","date_gmt":"2013-02-05T13:11:52","guid":{"rendered":"http:\/\/vendredisdelachartreuse.com\/?page_id=57"},"modified":"2025-12-19T14:13:32","modified_gmt":"2025-12-19T13:13:32","slug":"accueil","status":"publish","type":"page","link":"https:\/\/vendredisdelachartreuse.com\/","title":{"rendered":"Accueil"},"content":{"rendered":"<div class=\"wp-block-image\">\n<figure class=\"aligncenter size-large is-resized\"><a href=\"https:\/\/vendredisdelachartreuse.com\/wp-content\/uploads\/2025\/12\/Page-de-couverture-scaled.jpg\"><img loading=\"lazy\" decoding=\"async\" width=\"1024\" height=\"1024\" src=\"https:\/\/vendredisdelachartreuse.com\/wp-content\/uploads\/2025\/12\/Page-de-couverture-1024x1024.jpg\" alt=\"\" class=\"wp-image-523\" style=\"width:400px\" srcset=\"https:\/\/vendredisdelachartreuse.com\/wp-content\/uploads\/2025\/12\/Page-de-couverture-1024x1024.jpg 1024w, https:\/\/vendredisdelachartreuse.com\/wp-content\/uploads\/2025\/12\/Page-de-couverture-300x300.jpg 300w, https:\/\/vendredisdelachartreuse.com\/wp-content\/uploads\/2025\/12\/Page-de-couverture-150x150.jpg 150w, https:\/\/vendredisdelachartreuse.com\/wp-content\/uploads\/2025\/12\/Page-de-couverture-768x768.jpg 768w, https:\/\/vendredisdelachartreuse.com\/wp-content\/uploads\/2025\/12\/Page-de-couverture-1536x1536.jpg 1536w, https:\/\/vendredisdelachartreuse.com\/wp-content\/uploads\/2025\/12\/Page-de-couverture-2048x2048.jpg 2048w\" sizes=\"auto, (max-width: 1024px) 100vw, 1024px\" \/><\/a><\/figure>\n<\/div>\n\n\n<h1 class=\"wp-block-heading has-text-align-center has-text-color has-link-color wp-elements-66618637f6ca8c9ded1c3830e76bd940\" style=\"color:#960000\"><span style=\"color: #800000;\">Saison 2026<\/span><\/h1>\n\n\n\n<h1 class=\"wp-block-heading has-text-align-center\">&nbsp;&nbsp;&nbsp;Comme chaque ann\u00e9e, un programme de grande qualit\u00e9 artistique vous est offert de f\u00e9vrier \u00e0 septembre aux Vendredis de la Chartreuse. D\u00e9couvrez-le en parcourant ce site.<\/h1>\n\n\n\n<h1 class=\"wp-block-heading has-text-align-center\">Ce sera comme toujours un immense plaisir de vous accueillir \u00e0 l\u2019Espace Saint-Joseph, 10 Rue du Mar\u00e9chal Foch \u00e0 Molsheim, \u00e0 20h30.<\/h1>\n\n\n\n<h2 class=\"wp-block-heading has-text-align-center\">&#8212;<\/h2>\n\n\n\n<h1 class=\"wp-block-heading has-text-align-center\">Le Pr\u00e9sident<br>\nAlain Krol<\/h1>\n\n\n\n<p>&nbsp;<\/p>\n\n\n\n<h1 class=\"wp-block-heading\">&nbsp;<\/h1>\n","protected":false},"excerpt":{"rendered":"<p>Saison 2026 &nbsp;&nbsp;&nbsp;Comme chaque ann\u00e9e, un programme de grande qualit\u00e9 artistique vous est offert de f\u00e9vrier \u00e0 septembre aux Vendredis de la Chartreuse. D\u00e9couvrez-le en parcourant ce site. Ce sera comme toujours un immense plaisir de vous accueillir \u00e0 l\u2019Espace Saint-Joseph, 10 Rue du Mar\u00e9chal Foch \u00e0 Molsheim, \u00e0 20h30. &#8212; Le Pr\u00e9sident Alain Krol [&hellip;]<\/p>\n","protected":false},"author":1,"featured_media":0,"parent":0,"menu_order":0,"comment_status":"closed","ping_status":"open","template":"","meta":{"footnotes":""},"class_list":["post-57","page","type-page","status-publish","hentry"],"_links":{"self":[{"href":"https:\/\/vendredisdelachartreuse.com\/index.php?rest_route=\/wp\/v2\/pages\/57","targetHints":{"allow":["GET"]}}],"collection":[{"href":"https:\/\/vendredisdelachartreuse.com\/index.php?rest_route=\/wp\/v2\/pages"}],"about":[{"href":"https:\/\/vendredisdelachartreuse.com\/index.php?rest_route=\/wp\/v2\/types\/page"}],"author":[{"embeddable":true,"href":"https:\/\/vendredisdelachartreuse.com\/index.php?rest_route=\/wp\/v2\/users\/1"}],"replies":[{"embeddable":true,"href":"https:\/\/vendredisdelachartreuse.com\/index.php?rest_route=%2Fwp%2Fv2%2Fcomments&post=57"}],"version-history":[{"count":57,"href":"https:\/\/vendredisdelachartreuse.com\/index.php?rest_route=\/wp\/v2\/pages\/57\/revisions"}],"predecessor-version":[{"id":527,"href":"https:\/\/vendredisdelachartreuse.com\/index.php?rest_route=\/wp\/v2\/pages\/57\/revisions\/527"}],"wp:attachment":[{"href":"https:\/\/vendredisdelachartreuse.com\/index.php?rest_route=%2Fwp%2Fv2%2Fmedia&parent=57"}],"curies":[{"name":"wp","href":"https:\/\/api.w.org\/{rel}","templated":true}]}}

<div class="wp-block-image">
<figure class="aligncenter size-large is-resized"><a href="https://vendredisdelachartreuse.com/wp-content/uploads/2025/12/Page-de-couverture-scaled.jpg"><img loading="lazy" decoding="async" width="1024" height="1024" src="https://vendredisdelachartreuse.com/wp-content/uploads/2025/12/Page-de-couverture-1024x1024.jpg" alt="" class="wp-image-523" style="width:400px" srcset="https://vendredisdelachartreuse.com/wp-content/uploads/2025/12/Page-de-couverture-1024x1024.jpg 1024w, https://vendredisdelachartreuse.com/wp-content/uploads/2025/12/Page-de-couverture-300x300.jpg 300w, https://vendredisdelachartreuse.com/wp-content/uploads/2025/12/Page-de-couverture-150x150.jpg 150w, https://vendredisdelachartreuse.com/wp-content/uploads/2025/12/Page-de-couverture-768x768.jpg 768w, https://vendredisdelachartreuse.com/wp-content/uploads/2025/12/Page-de-couverture-1536x1536.jpg 1536w, https://vendredisdelachartreuse.com/wp-content/uploads/2025/12/Page-de-couverture-2048x2048.jpg 2048w" sizes="auto, (max-width: 1024px) 100vw, 1024px" /></a></figure>
</div>


<h1 class="wp-block-heading has-text-align-center has-text-color has-link-color wp-elements-66618637f6ca8c9ded1c3830e76bd940" style="color:#960000"><span style="color: #800000;">Saison 2026</span></h1>



<h1 class="wp-block-heading has-text-align-center">&nbsp;&nbsp;&nbsp;Comme chaque année, un programme de grande qualité artistique vous est offert de février à septembre aux Vendredis de la Chartreuse. Découvrez-le en parcourant ce site.</h1>



<h1 class="wp-block-heading has-text-align-center">Ce sera comme toujours un immense plaisir de vous accueillir à l’Espace Saint-Joseph, 10 Rue du Maréchal Foch à Molsheim, à 20h30.</h1>



<h2 class="wp-block-heading has-text-align-center">&#8212;</h2>



<h1 class="wp-block-heading has-text-align-center">Le Président<br>
Alain Krol</h1>



<p>&nbsp;</p>



<h1 class="wp-block-heading">&nbsp;</h1>

<p>Saison 2026 &nbsp;&nbsp;&nbsp;Comme chaque année, un programme de grande qualité artistique vous est offert de février à septembre aux Vendredis de la Chartreuse. Découvrez-le en parcourant ce site. Ce sera comme toujours un immense plaisir de vous accueillir à l’Espace Saint-Joseph, 10 Rue du Maréchal Foch à Molsheim, à 20h30. &#8212; Le Président Alain Krol [&hellip;]</p>
